3 + 86*z**2 - 817*z - 994. Give r(75).
-394
Let o(n) = -3*n**2 - 61865*n - 680504. Give o(-11).
-352
Let k(u) = -27*u**2 - 495*u - 1968. What is k(-6)?
30
Let a(h) = -6093*h - 176583. Give a(-29).
114
Let c(i) = i**3 + 152*i**2 - 192*i + 17752. Give c(-154).
-112
Let p(v) = 5*v**2 + 53*v - 209. Calculate p(4).
83
Let u(n) = -17*n**3 - 160*n**2 - 47*n - 28. What is u(-9)?
-172
Let c(g) = -g**2 - 24887*g - 273626. Calculate c(-11).
10
Let z(c) = 15*c**3 + 273*c**2 + 39*c - 285. What is z(-18)?
-15
Let r(u) = u**2 - 153*u - 6216. Determine r(-33).
-78
Let v(j) = -324*j + 17708. Determine v(53).
536
Let z(v) = -936832*v + 2810494. Give z(3).
-2
Let s(v) = -v**2 + 30022*v + 120126. Determine s(-4).
22
Let d(j) = -777*j**2 + 15540*j + 16. Give d(20).
16
Let f(t) = -8769*t + 175406. Give f(20).
26
Let u(w) = -3*w**3 - 42*w**2 - 6*w + 33. Calculate u(-12).
-759
Let y(i) = -26*i**2 - 3779*i + 6377. Give y(-147).
56
Let i(b) = 16665*b - 916846. Give i(55).
-271
Let t(q) = -15*q**2 - 1173*q - 3583. What is t(-75)?
17
Let o(j) = 1684*j**2 + 15148*j - 62. Determine o(-9).
10
Let o(c) = -19*c**2 - 2157*c - 45564. Give o(-28).
-64
Let y(a) = -5*a**2 - 46*a + 3653. Calculate y(-32).
5
Let y(n) = -46550*n + 43198398. Give y(928).
-2
Let n(v) = 1082*v + 2811. Give n(-4).
-1517
Let n(p) = 10072*p - 100729. What is n(10)?
-9
Let a(m) = -m**3 - 54*m**2 + 172*m + 84. Give a(-57).
27
Let b(u) = 14*u**3 - 8*u**2 - 21*u - 86. Give b(-5).
-1931
Let j(b) = 5*b**2 - 441*b + 305. Determine j(84).
-1459
Let x(p) = -92*p**2 - 1056*p - 4186. What is x(-4)?
-1434
Let h(z) = 6397*z + 19335. Calculate h(-3).
144
Let b(v) = -884*v - 862. Give b(0).
-862
Let r(f) = -f**3 + 53*f**2 - 193*f - 2251. Determine r(48).
5
Let i(h) = 183225*h + 6. Give i(0).
6
Let r(m) = -425659*m - 2979613. Determine r(-7).
0
Let n(i) = 18*i**3 - 110*i**2 + 130*i - 908. Calculate n(7).
786
Let v(u) = -u**3 + 228*u**2 + 1491*u - 20407. What is v(234)?
-49
Let d(g) = -84*g + 293. What is d(8)?
-379
Let w(f) = f**3 + 64*f**2 + 240*f - 102. Calculate w(-60).
-102
Let x(v) = -v**3 + 26*v**2 + 163*v - 284. Calculate x(31).
-36
Let b(g) = 107*g**3 + 28569*g**2 + 3*g + 813. Calculate b(-267).
12
Let y(c) = -32*c**2 + 17659*c + 2759. What is y(552)?
-1
Let s(b) = -33*b**2 + 116*b - 35. Determine s(3).
16
Let m(d) = -357*d - 20701. Give m(-58).
5
Let m(h) = -304*h - 298. What is m(-1)?
6
Let f(m) = -20*m**2 + 12982*m - 77176. What is f(6)?
-4
Let f(g) = 3*g**3 - 8*g**2 - 34*g + 78. What is f(3)?
-15
Let j(d) = -4*d**3 + 46*d**2 + 7*d + 23. What is j(4)?
531
Let o(r) = -218390*r**2 + 4586193*r - 44. What is o(21)?
19
Let f(b) = -8*b**3 + 92*b**2 + 14606*b - 161151. Calculate f(11).
-1
Let g(q) = -49*q - 3591. What is g(-45)?
-1386
Let p(u) = 2*u**3 + 55*u**2 + 95*u + 1760. What is p(-27)?
-76
Let b(s) = 6*s**2 - 418*s + 7206. Give b(39).
30
Let f(b) = 12522*b + 125180. Calculate f(-10).
-40
Let a(d) = 5*d**2 + 376*d + 4041. Calculate a(-13).
-2
Let n(k) = -2756*k**2 - 24827*k - 210. Calculate n(-9).
-3
Let n(k) = 3*k**2 + 187*k + 1500. Calculate n(-51).
-234
Let w(r) = 43*r**2 + 34*r + 72. Determine w(-5).
977
Let z(f) = -f**3 + 15*f**2 + 130*f - 1948. Calculate z(16).
-124
Let x(g) = 38*g**2 + 263*g - 727. What is x(-9)?
-16
Let o(x) = 16*x**2 - 15147*x + 552479. Calculate o(38).
-3
Let f(c) = -c**3 - 167*c**2 + 9820*c + 4981. Give f(-213).
295
Let j(v) = -3556*v - 64039. What is j(-18)?
-31
Let b(x) = -6082*x + 18130. Determine b(3).
-116
Let m(v) = -10603*v - 922467. Determine m(-87).
-6
Let o(y) = -927*y + 57086. Determine o(63).
-1315
Let g(c) = -1172*c + 27637. Give g(24).
-491
Let q(b) = -3*b**3 - 41*b**2 - 119*b - 7. Give q(-9).
-70
Let b(k) = 18657*k + 37320. Calculate b(-2).
6
Let h(o) = -2*o**2 + 45912*o + 229612. Give h(-5).
2
Let f(b) = -5*b**3 - 739*b**2 + 149*b + 525. Give f(-148).
377
Let l(h) = -h**3 + 205*h**2 + 683*h - 180947. Give l(204).
1
Let l(b) = 535*b + 93283. Calculate l(-176).
-877
Let h(d) = -d**3 - 9*d**2 + 1003*d - 1210. What is h(-37)?
11
Let m(x) = -802*x**2 - 1. Give m(-1).
-803
Let p(n) = -8*n**3 + 129*n**2 - 536*n + 131. Determine p(4).
-461
Let q(m) = -2*m**2 - 42889*m + 3616772. Calculate q(84).
-16
Let c(a) = 5*a**3 - 193*a**2 - 70*a - 730. What is c(39)?
-418
Let r(g) = 84*g**2 + 635*g + 389. Give r(-7).
60
Let i(o) = -2*o**2 + 41084*o + 3921021. Give i(-95).
-9
Let g(d) = d**2 + 377*d - 14105. Calculate g(34).
-131
Let a(n) = 3*n**2 + 225*n - 310. Give a(-81).
1148
Let y(m) = 4*m**3 + 22*m**2 - 74*m + 12. Calculate y(2).
-16
Let w(y) = 266206*y + 1331042. Calculate w(-5).
12
Let r(k) = -k**2 + 1116*k - 16718. Give r(15).
-203
Let g(b) = 35*b**3 + 23*b**2 + 73*b - 6. Give g(-3).
-963
Let j(s) = 2*s**3 + 130*s**2 + 593*s - 535. Calculate j(-60).
-115
Let i(f) = -93*f + 22462. What is i(238)?
328
Let m(k) = -k**2 + 31*k - 282. Determine m(10).
-72
Let i(t) = 4*t**2 - 774*t - 3875. Determine i(-5).
95
Let f(k) = -227*k + 14391. What is f(64)?
-137
Let o(a) = a**3 + 31*a**2 + 166*a + 412. Give o(-25).
12
Let k(h) = -h**2 + 1379*h + 762218. Calculate k(-423).
-28
Let i(r) = -236351*r - 2363507. What is i(-10)?
3
Let x(c) = -22*c**2 - 9705*c - 1332. What is x(-441)?
-9
Let p(c) = 73*c**2 + 22185*c - 2118. Calculate p(-304).
10
Let n(t) = -t**3 + 731*t**2 - 13536*t + 157. What is n(19)?
5
Let z(l) = 2*l**3 + 548*l**2 + 423*l - 33566. Determine z(-273).
13
Let d(c) = c**3 + c**2 + 62187*c + 54. Give d(0).
54
Let z(g) = g**2 + 4*g - 629. Determine z(-37).
592
Let h(w) = 158*w**2 + 312*w + 31. Determine h(-2).
39
Let t(b) = 6135*b**2 + 24663*b + 6. Calculate t(-4).
-486
Let s(z) = -z**3 - 76*z**2 - 585*z - 11552. Determine s(-70).
-2
Let t(u) = -2*u**2 - 258*u + 19770. Determine t(54).
6
Let l(n) = 111*n**2 - 1880*n - 229. Determine l(17).
-110
Let h(w) = 2*w**3 + 114*w**2 + 543*w + 17817. Calculate h(-55).
52
Let l(x) = x**3 + 46*x**2 + 554*x + 507. Determine l(-1).
-2
Let o(f) = -4*f**2 + 48*f + 758. What is o(21)?
2
Let l(j) = -j**3 - 4975*j**2 - 39763*j - 232. What is l(-8)?
-16
Let t(s) = -16*s**2 - 197*s - 54. What is t(-14)?
-432
Let q(c) = c**3 + 56*c**2 - 663*c - 225. Give q(-66).
-27
Let z(y) = 587*y + 67300. Determine z(-114).
382
Let s(j) = j**3 - 237*j**2 - 707*j - 3138. What is s(240)?
-18
Let n(r) = -r**3 + 446*r**2 - 723*r - 73236. What is n(444)?
24
Let m(p) = 9591*p - 1477022. Calculate m(154).
-8
Let l(a) = 12*a**2 - 92*a + 48. What is l(4)?
-128
Let a(z) = z**3 - 15*z**2 + 59*z - 359. Determine a(19).
2206
Let i(m) = -m**3 - 212*m**2 + 1800*m - 83. Determine i(8).
237
Let u(g) = -g**3 + 12*g**2 + 641*g + 67. What is u(-20)?
47
Let i(v) = -3629*v + 214592. What is i(59)?
481
Let f(w) = w**3 - 17*w**2 - 119*w - 215. Calculate f(-4).
-75
Let i(y) = y**3 - 316*y**2 - 2217*y + 207. Determine i(-7).
-101
Let j(d) = -7847*d + 65003. Give j(8).
2227
Let i(z) = 335*z + 10234. What is i(-28)?
854
Let j(v) = v**2 + 9783*v + 679875. Determine j(-70).
-35
Let w(z) = -236*z**3 + 2360*z**2 - 19*z + 194. Determine w(10).
4
Let k(z) = 17118*z + 616950. Give k(-36).
702
Let a(h) = -2*h**3 - 111*h**2 + 44*h - 489. What is a(-56)?
183
Let d(z) = -488*z - 25857. Determine d(-50).
-1457
Let y(i) = 62*i**2 + 39997*i + 4517. Calculate y(-645).
2
Let g(o) = 145*o + 24728. What is g(-171)?
-67
Let g(n) = n**3 + 95*n**2 + 99*n + 551. Determine g(-94).
81
Let p(n) = -53*n**2 + 5673*n - 180. Determine p(107).
34
Let v(j) = 2*j**3 - 283*j**2 - 2182*j - 7899. Give v(149).
-2
Let t(j) = -8*j**3 - 182*j**2 + 51*j + 55. Calculate t(-23).
-60
Let z(m) = -19*m**2 - 22137*m - 413743. Give z(-19).
1
Let f(x) = 150*x**2 + 188087*x - 16297. Calculate f(-1254).
5
Let d(o) = -3*o**3 + 4*o**2 + 116*o + 2. Give d(-6).
98
Let b(d) = 399*d + 30354. What is b(-79)?
-1167
Let k(y) = 983643*y - 8852780. Determine k(9).
7
Let k(w) = 9*w**2 + 9*w + 708. Calculate k(0).
708
Let p(n) = -2*n**3 - 135*n**2 - 189*n + 605. Determine p(-66).
11
Let a(b) = -16*b**3 + 92*b**2 - 81*b - 8. Determine a(1).
-13
Let a(j) = j**3 - 19*j**2 - 73*j + 512. Determine a(22).
358
Let c(z) = z**3 - 8*z**2 - 508*z - 125. Determine c(27).
10
Let i(g) = 285*g - 11145. What is i(40)?
255
Let r(h) = -15*h**2 - 1045*h - 697. Give r(-69).
-7
Let j(z) = 13*z**3 - 12*z**2 + 93*z + 406. Determine j(-4).
-990
Let t(x) = -38*x**2 + 24463*x - 18